nder when 24576 is divided by 78?
6
Calculate the remainder when 215 is divided by 118.
97
What is the remainder when 11880 is divided by 115?
35
Calculate the remainder when 821608 is divided by 263.
259
Calculate the remainder when 31539 is divided by 303.
27
What is the remainder when 18929 is divided by 22?
9
Calculate the remainder when 10898 is divided by 19.
11
What is the remainder when 189658 is divided by 58?
56
Calculate the remainder when 4404 is divided by 1112.
1068
Calculate the remainder when 272 is divided by 18.
2
Calculate the remainder when 1684 is divided by 26.
20
Calculate the remainder when 967 is divided by 219.
91
What is the remainder when 42339 is divided by 21?
3
Calculate the remainder when 35730 is divided by 182.
58
Calculate the remainder when 1798 is divided by 336.
118
What is the remainder when 349788 is divided by 116579?
51
What is the remainder when 3046 is divided by 772?
730
Calculate the remainder when 25210 is divided by 41.
36
Calculate the remainder when 10286 is divided by 73.
66
What is the remainder when 20126 is divided by 4021?
21
Calculate the remainder when 236125 is divided by 188.
185
Calculate the remainder when 583647 is divided by 90.
87
Calculate the remainder when 23075 is divided by 2884.
3
Calculate the remainder when 46826 is divided by 46823.
3
Calculate the remainder when 27667 is divided by 193.
68
Calculate the remainder when 27192 is divided by 85.
77
What is the remainder when 25667 is divided by 7?
5
What is the remainder when 153020 is divided by 367?
348
What is the remainder when 3075 is divided by 85?
15
What is the remainder when 170909 is divided by 18?
17
Calculate the remainder when 56711 is divided by 4356.
83
What is the remainder when 6933 is divided by 685?
83
Calculate the remainder when 2768 is divided by 918.
14
Calculate the remainder when 16973 is divided by 84.
5
What is the remainder when 61734 is divided by 83?
65
What is the remainder when 8021 is divided by 434?
209
Calculate the remainder when 4673 is divided by 923.
58
What is the remainder when 43690 is divided by 57?
28
Calculate the remainder when 179147 is divided by 33.
23
What is the remainder when 1098444 is divided by 15?
9
What is the remainder when 1336 is divided by 172?
132
Calculate the remainder when 13060 is divided by 3260.
20
Calculate the remainder when 6104626 is divided by 12.
10
What is the remainder when 2547 is divided by 671?
534
What is the remainder when 15024 is divided by 4825?
549
What is the remainder when 258159 is divided by 46?
7
Calculate the remainder when 2229 is divided by 728.
45
What is the remainder when 4261 is divided by 99?
4
Calculate the remainder when 18950 is divided by 6157.
479
Calculate the remainder when 2397437 is divided by 19.
17
Calculate the remainder when 25294 is divided by 143.
126
What is the remainder when 67512 is divided by 15?
12
Calculate the remainder when 379 is divided by 63.
1
Calculate the remainder when 32761 is divided by 315.
1
Calculate the remainder when 4652 is divided by 4303.
349
Calculate the remainder when 33748 is divided by 469.
449
What is the remainder when 13159 is divided by 16?
7
What is the remainder when 16715 is divided by 18?
11
What is the remainder when 125077 is divided by 339?
325
Calculate the remainder when 3684 is divided by 3662.
22
What is the remainder when 10412 is divided by 316?
300
What is the remainder when 14676 is divided by 277?
272
What is the remainder when 3411 is divided by 32?
19
Calculate the remainder when 252356 is divided by 120.
116
What is the remainder when 14068 is divided by 226?
56
Calculate the remainder when 126541 is divided by 2220.
1
Calculate the remainder when 102140 is divided by 96.
92
Calculate the remainder when 2137 is divided by 1068.
1
Calculate the remainder when 3335 is divided by 237.
17
Calculate the remainder when 7097 is divided by 74.
67
Calculate the remainder when 1948 is divided by 935.
78
Calculate the remainder when 7242 is divided by 7193.
49
Calculate the remainder when 3069 is divided by 92.
33
What is the remainder when 14251 is divided by 7117?
17
Calculate the remainder when 18029 is divided by 491.
353
Calculate the remainder when 115715 is divided by 51.
47
Calculate the remainder when 5678 is divided by 66.
2
Calculate the remainder when 18212 is divided by 587.
15
What is the remainder when 50169 is divided by 76?
9
What is the remainder when 55555 is divided by 73?
2
What is the remainder when 279386 is divided by 134?
130
What is the remainder when 106791 is divided by 51?
48
Calculate the remainder when 5508 is divided by 1793.
129
Calculate the remainder when 42593 is divided by 20.
13
Calculate the remainder when 208657 is divided by 12.
1
Calculate the remainder when 63637 is divided by 344.
341
What is the remainder when 26775 is divided by 31?
22
What is the remainder when 3948 is divided by 3019?
929
What is the remainder when 2337 is divided by 2307?
30
What is the remainder when 150409 is divided by 124?
121
Calculate the remainder when 35368 is divided by 137.
22
Calculate the remainder when 10328 is divided by 1318.
1102
Calculate the remainder when 26284 is divided by 14.
6
What is the remainder when 2040 is divided by 1238?
802
Calculate the remainder when 539 is divided by 458.
81
Calculate the remainder when 76156 is divided by 422.
196
What is the remainder when 55 is divided by 10?
5
Calculate the remainder when 15204 is divided by 64.
36
Calculate the remainder when 1827 is divided by 121.
12
Calculate the remainder when 13414 is divided by 31.
22
Calculate the remainder when 20104 is divided by 20072.
32
What is the remainder when 1140 is divided by 1133?
7
Calculate the remainder when 1308439 is divided by 436143.
10
Calculate the remainder when 159579 is divided by 395.
394
What is the remainder when 11901 is divided by 86?
33
What is the remainder when 7942 is divided by 7800?
142
What is the remainder when 225890 is divided by 220?
170
What is the remainder when 141107 is divided by 15677?
14
Calculate the remainder when 276958 is divided by 1022.
1018
Calculate the remainder when 159123 is divided by 534.
525
What is the remainder when 1189 is divided by 708?
481
Calculate the remainder when 115417 is divided by 12.
1
What is the remainder when 19466 is divided by 103?
102
What is the remainder when 2448 is divided by 10?
8
Calculate the remainder when 4360 is divided by 1444.
28
What is the remainder when 271484 is divided by 28?
24
Calculate the remainder when 82484 is divided by 14.
10
What is the remainder when 13017 is divided by 997?
56
Calculate the remainder when 7225 is divided by 41.
9
Calculate the remainder when 1888 is divided by 371.
33
What is the remainder when 92356 is divided by 243?
16
What is the remainder when 9599 is divided by 544?
351
What is the remainder when 551 is divided by 133?
19
What is the remainder when 13208 is divided by 130?
78
Calculate the remainder when 43535 is divided by 221.
219
What is the remainder when 33437 is divided by 32951?
486
What is the remainder when 1401489 is divided by 267?
6
What is the remainder when 133129 is divided by 44367?
28
Calculate the remainder when 4181 is divided by 58.
5
Calculate the remainder when 136920 is divided by 2913.
9
Calculate the remainder when 24295 is divided by 4048.
7
What is the remainder when 244351 is divided by 139?
128
What is the remainder when 21437 is divided by 54?
53
Calculate the remainder when 3442 is divided by 149.
15
Calculate the remainder when 2376 is divided by 2322.
54
What is the remainder when 28407 is divided by 323?
306
What is the remainder when 651 is divided by 22?
13
Calculate the remainder when 15526 is divided by 7696.
134
Calculate the remainder when 10618 is divided by 1058.
38
Calculate the remainder when 16316 is divided by 16243.
73
Calculate the remainder when 65909 is divided by 301.
291
Calculate the remainder when 825313 is divided by 35.
13
What is the remainder when 3561 is divided by 444?
9
Calculate the remainder when 51026 is divided by 210.
206
Calculate the remainder when 947830 is divided by 229.
228
What is the remainder when 679 is divided by 195?
94
Calculate the remainder when 5